{"id":5831,"date":"2021-09-27T20:23:44","date_gmt":"2021-09-27T18:23:44","guid":{"rendered":"http:\/\/riddaren24.se\/?page_id=5831"},"modified":"2022-01-09T12:00:53","modified_gmt":"2022-01-09T10:00:53","slug":"musikrum","status":"publish","type":"page","link":"http:\/\/riddaren24.se\/?page_id=5831","title":{"rendered":"Musikrummet"},"content":{"rendered":"<p>V\u00e4lkommen att ans\u00f6ka om medlemskap och l\u00e4sa om Riddarsporrens musikrum!<\/p>\n<p><a href=\"http:\/\/riddaren24.se\/wp-content\/uploads\/2021\/09\/musikrum.png\"><img loading=\"lazy\" decoding=\"async\" class=\"alignnone size-large wp-image-5837\" src=\"http:\/\/riddaren24.se\/wp-content\/uploads\/2021\/09\/musikrum-768x1024.png\" alt=\"\" width=\"750\" height=\"1000\" srcset=\"http:\/\/riddaren24.se\/wp-content\/uploads\/2021\/09\/musikrum-768x1024.png 768w, http:\/\/riddaren24.se\/wp-content\/uploads\/2021\/09\/musikrum-225x300.png 225w, http:\/\/riddaren24.se\/wp-content\/uploads\/2021\/09\/musikrum-750x1000.png 750w, http:\/\/riddaren24.se\/wp-content\/uploads\/2021\/09\/musikrum.png 1002w\" sizes=\"auto, (max-width: 750px) 100vw, 750px\" \/><\/a><\/p>\n<p><span style=\"font-weight: 400;\">F\u00f6reningen har ett musikrum f\u00f6r registrerade medlemmar som erbjuder:<\/span><\/p>\n<ul>\n<li style=\"font-weight: 400;\" aria-level=\"1\"><span style=\"font-weight: 400;\">Ett familjev\u00e4nligt utrymme att utforska, l\u00e4ra sig och utf\u00f6ra musik i. Ensam eller tillsammans med andra medlemmar. Instrumenten i musikrummet inkluderar bl.a. akustiska gitarrer f\u00f6r barn och vuxna, digitalt piano, elektroniska trummor, s\u00e5ngmikrofon med mera.<br \/>\n<\/span><\/li>\n<li style=\"font-weight: 400;\" aria-level=\"1\"><span style=\"font-weight: 400;\">En plats f\u00f6r musikalisk utveckling i privat milj\u00f6, oavsett f\u00f6rkunskaper. Anv\u00e4nd musikrummets utbud eller ta med ditt egna instrument.\u00a0<\/span><\/li>\n<li style=\"font-weight: 400;\" aria-level=\"1\"><span style=\"font-weight: 400;\">F\u00f6r vuxna medlemmar (+15 \u00e5r) har &#8221;\u00f6verv\u00e5ningen&#8221; i musikrummet grundl\u00e4ggande utrustning f\u00f6r musikproduktion\/ljudinspelning, inklusive en upps\u00e4ttning h\u00f6gtalare, skrivbord och stol, ljudgr\u00e4nssnitt, MIDI-tangentbord, datorsk\u00e4rm med mera.<\/span><\/li>\n<li style=\"font-weight: 400;\" aria-level=\"1\"><span style=\"font-weight: 400;\">Rummet har en blandning av &#8221;\u00f6ppen lektid\u201d f\u00f6r flera medlemmar att spela samtidigt, samt bokningsbar privat tid f\u00f6r tr\u00e4ning eller lektioner med l\u00e4rare.<\/span><\/li>\n<li style=\"font-weight: 400;\" aria-level=\"1\"><span style=\"font-weight: 400;\">Medlemmar \u00e4r v\u00e4lkomna att ta med (eller donera) ytterligare instrument och utrustning, se Regler nedan f\u00f6r mer information.<\/span><\/li>\n<\/ul>\n<h3><b>Hitta musikrummet<\/b><\/h3>\n<p><span style=\"font-weight: 400;\">Musikrummet ligger i k\u00e4llarplan under 15-huset, med ing\u00e5ng via garagetrappan. \u00a0Rummet ligger bredvid hobbyverkstaden. G\u00e5 in d\u00f6rren fr\u00e5n 15-g\u00e5rden, mellan port 15D och trappan vid 15C. G\u00e5 tv\u00e5 trappor (tre halvtrappor) ner, och g\u00e5 in i d\u00f6rren direkt till v\u00e4nster nedanf\u00f6r trappan. Musikrummet \u00e4r l\u00e4ngst in i korridoren p\u00e5 h\u00f6ger sida.<\/span><\/p>\n<p><span style=\"font-weight: 400;\">Notera att det finns tv\u00e5 Aptus-l\u00e4sare vid d\u00f6rren fr\u00e5n 15-g\u00e5rden, men bara den \u00f6vre fungerar med \u201dvanlig\u201d blipp (den nedre fungerar ist\u00e4llet med garage-blipp).<\/span><\/p>\n<h3>Hur man bokar tid<\/h3>\n<p>Man bokar tid via Aptus-systemet p\u00e5 samma s\u00e4tt som f\u00f6r tv\u00e4ttstugan (och f\u00f6r gym och bastu om man \u00e4r medlem i respektive f\u00f6rening). Se <a href=\"http:\/\/riddaren24.se\/?page_id=861\">den separata sidan om bokning<\/a> f\u00f6r instruktioner.<\/p>\n<p><a style=\"color: #ffffff !important;\" href=\"https:\/\/aptus.sakerhetsintegrering.se\/riddarsporren\/aptusportal\"><span style=\"border-radius: 4px; border: 1px solid #222222; padding: 10px; background-color: #229922; color: #ffffff !important;\">Till bokningen<\/span><\/a><\/p>\n<p>Bokningsbara tider \u00e4r vardagar 07-23 och helger 19-23. Varje bokningsbart pass \u00e4r tv\u00e5 timmar l\u00e5ngt.\u00a0F\u00f6rutom de bokningsbara tiderna \u00e4r musikrummet \u00f6ppet f\u00f6r alla som har betalt medlemsavgift p\u00e5 l\u00f6rdagar och s\u00f6ndagar 07-19. Under dessa tider kan man inte boka rummet, utan alla som vill kan komma dit och musicera tillsammans. F\u00f6r att det inte ska bli alltf\u00f6r tr\u00e5ngt \u00e4r det dock begr\u00e4nsat till fem l\u00e4genheter p\u00e5 en g\u00e5ng, s\u00e5 om det \u00e4r fullt f\u00e5r man v\u00e4nta och komma tillbaka senare.<\/p>\n<h3><b>Regler<\/b><\/h3>\n<ul>\n<li style=\"font-weight: 400;\" aria-level=\"1\"><span style=\"font-weight: 400;\">Musikrummet \u00e4r endast avsett f\u00f6r registrerade medlemmar. Det \u00e4r inte till\u00e5tet att ta med externa bes\u00f6kare till rummet (med undantag f\u00f6r inhyrda l\u00e4rare).<\/span><\/li>\n<li style=\"font-weight: 400;\" aria-level=\"1\"><span style=\"font-weight: 400;\">Medlemmar under 15 \u00e5r m\u00e5ste \u00e5tf\u00f6ljas av en vuxen.<\/span><\/li>\n<li style=\"font-weight: 400;\" aria-level=\"1\"><span style=\"font-weight: 400;\">Inga medlemmar under 15 \u00e5r f\u00e5r vistas p\u00e5 &#8221;\u00f6verv\u00e5ningen&#8221;<\/span><\/li>\n<li style=\"font-weight: 400;\" aria-level=\"1\"><span style=\"font-weight: 400;\">H\u00f6gst 5 vuxna f\u00e5r vara i rummet samtidigt.<\/span><\/li>\n<li style=\"font-weight: 400;\" aria-level=\"1\"><span style=\"font-weight: 400;\">Utrustningen m\u00e5ste anv\u00e4ndas korrekt f\u00f6r att undvika skador. Skadad utrustning f\u00e5r inte anv\u00e4ndas och m\u00e5ste omedelbart rapporteras till <\/span><span style=\"font-weight: 400;\">musikrum@riddaren24.se.<\/span><\/li>\n<li style=\"font-weight: 400;\" aria-level=\"1\"><span style=\"font-weight: 400;\">Rummet m\u00e5ste l\u00e4mnas i gott och rent skick.<\/span><\/li>\n<li style=\"font-weight: 400;\" aria-level=\"1\"><span style=\"font-weight: 400;\">Medlemmar f\u00e5r ta med egen utrustning\/instrument till lokalen, men musikrummets utrustning\/instrument f\u00e5r inte tas d\u00e4rifr\u00e5n.\u00a0<\/span><\/li>\n<li style=\"font-weight: 400;\" aria-level=\"1\"><span style=\"font-weight: 400;\">Om en medlem v\u00e4ljer att l\u00e4mna kvar ett instrument eller utrustning i musikrummet \u00e4r det p\u00e5 medlemmens egen risk, d\u00e5 den kan komma att anv\u00e4ndas av andra medlemmar.<\/span><\/li>\n<li style=\"font-weight: 400;\" aria-level=\"1\"><span style=\"font-weight: 400;\">Musikrummet f\u00e5r enbart anv\u00e4ndas f\u00f6r musik och musikrelaterade fritidsaktiviteter. Man f\u00e5r inte anv\u00e4nda det f\u00f6r professionellt bruk eller aff\u00e4rsrelaterade aktiviteter.<\/span><\/li>\n<\/ul>\n<h3><b>Registrering<\/b><\/h3>\n<ul>\n<li style=\"font-weight: 400;\" aria-level=\"1\"><span style=\"font-weight: 400;\">F\u00f6r att f\u00e5 tillg\u00e5ng till musikrummet registrerar du dig genom formul\u00e4ret nedan, och betalar en medlemsavgift p\u00e5 400 kronor per l\u00e4genhet och \u00e5r. Debitering av avgiften sker i samband med medlemsavgiften till bostadsr\u00e4ttsf\u00f6reningen, d.v.s. det debiteras i praktiken 33kr per m\u00e5nad.<\/span><\/li>\n<li aria-level=\"1\">Genom att registrera dig accepterar du att betala medlemsavgiften via m\u00e5nadsaviseringen fr\u00e5n f\u00f6rvaltaren.<\/li>\n<li style=\"font-weight: 400;\" aria-level=\"1\"><span style=\"font-weight: 400;\">Genom att registrera dig f\u00f6rbinder du dig \u00e4ven att f\u00f6lja reglerna och att tiden i musikrummet sker p\u00e5 egen risk.<\/span><\/li>\n<li style=\"font-weight: 400;\" aria-level=\"1\"><span style=\"font-weight: 400;\">Alla nya medlemmar kommer att tr\u00e4ffa administrat\u00f6rerna f\u00f6r en genomg\u00e5ng av utrustningen innan den anv\u00e4nds f\u00f6r f\u00f6rsta g\u00e5ngen.<\/span><\/li>\n<\/ul>\n<p>Notera att det \u00e4r manuell hantering kring att pricka av inbetalningar och att l\u00e4gga upp beh\u00f6righeter i Aptus-systemet, och att musikf\u00f6reningen och styrelsen arbetar med dessa saker p\u00e5 sin fritid. Det kan d\u00e4rf\u00f6r ta n\u00e5gra dagar efter att man har anm\u00e4lt sig innan man f\u00e5r tillg\u00e5ng till musikrummet.<\/p>\n<div role=\"form\" class=\"wpcf7\" id=\"wpcf7-f5829-o1\" lang=\"sv-SE\" dir=\"ltr\">\n<div class=\"screen-reader-response\"><p role=\"status\" aria-live=\"polite\" aria-atomic=\"true\"><\/p> <ul><\/ul><\/div>\n<form action=\"\/index.php?rest_route=%2Fwp%2Fv2%2Fpages%2F5831#wpcf7-f5829-o1\" method=\"post\" class=\"wpcf7-form init\" novalidate=\"novalidate\" data-status=\"init\">\n<div style=\"display: none;\">\n<input type=\"hidden\" name=\"_wpcf7\" value=\"5829\" \/>\n<input type=\"hidden\" name=\"_wpcf7_version\" value=\"5.3\" \/>\n<input type=\"hidden\" name=\"_wpcf7_locale\" value=\"sv_SE\" \/>\n<input type=\"hidden\" name=\"_wpcf7_unit_tag\" value=\"wpcf7-f5829-o1\" \/>\n<input type=\"hidden\" name=\"_wpcf7_container_post\" value=\"0\" \/>\n<input type=\"hidden\" name=\"_wpcf7_posted_data_hash\" value=\"\" \/>\n<input type=\"hidden\" name=\"_wpcf7_recaptcha_response\" value=\"\" \/>\n<\/div>\n<p><label> Ditt namn<br \/>\n    <span class=\"wpcf7-form-control-wrap namn\"><input type=\"text\" name=\"namn\" value=\"\" size=\"40\" class=\"wpcf7-form-control wpcf7-text wpcf7-validates-as-required\" aria-required=\"true\" aria-invalid=\"false\" \/><\/span> <\/label><\/p>\n<p><label> Din e-post<br \/>\n    <span class=\"wpcf7-form-control-wrap epost\"><input type=\"email\" name=\"epost\" value=\"\" size=\"40\" class=\"wpcf7-form-control wpcf7-text wpcf7-email wpcf7-validates-as-required wpcf7-validates-as-email\" aria-required=\"true\" aria-invalid=\"false\" \/><\/span> <\/label><\/p>\n<p><label> Ditt telefonnummer<br \/>\n    <span class=\"wpcf7-form-control-wrap telefon\"><input type=\"tel\" name=\"telefon\" value=\"\" size=\"40\" class=\"wpcf7-form-control wpcf7-text wpcf7-tel wpcf7-validates-as-tel\" aria-invalid=\"false\" \/><\/span> <\/label><\/p>\n<p><label> L\u00e4genhetsnummer (f\u00f6reningens tv\u00e5- eller tresiffriga nummer)<br \/>\n    <span class=\"wpcf7-form-control-wrap lagenhetsnummer\"><input type=\"text\" name=\"lagenhetsnummer\" value=\"\" size=\"40\" class=\"wpcf7-form-control wpcf7-text wpcf7-validates-as-required\" aria-required=\"true\" aria-invalid=\"false\" \/><\/span> <\/label><\/p>\n<p><label> Trapphus (15\/17 + bokstav, t.ex. 15B eller 17K)<br \/>\n    <span class=\"wpcf7-form-control-wrap trapphus\"><input type=\"text\" name=\"trapphus\" value=\"\" size=\"40\" class=\"wpcf7-form-control wpcf7-text wpcf7-validates-as-required\" aria-required=\"true\" aria-invalid=\"false\" \/><\/span> <\/label><\/p>\n<p>Man kan ha en eller tv\u00e5 Aptus-brickor med tillg\u00e5ng till musikrummet per hush\u00e5ll <\/p>\n<p><label> Aptus-bricka 1 (ange de siffror som st\u00e5r p\u00e5 brickan)<br \/>\n    <span class=\"wpcf7-form-control-wrap aptus_1\"><input type=\"text\" name=\"aptus_1\" value=\"\" size=\"40\" class=\"wpcf7-form-control wpcf7-text wpcf7-validates-as-required\" aria-required=\"true\" aria-invalid=\"false\" \/><\/span> <\/label><\/p>\n<p><label> Aptus-bricka 2 (ange de siffror som st\u00e5r p\u00e5 brickan)<br \/>\n    <span class=\"wpcf7-form-control-wrap aptus_2\"><input type=\"text\" name=\"aptus_2\" value=\"\" size=\"40\" class=\"wpcf7-form-control wpcf7-text\" aria-invalid=\"false\" \/><\/span> <\/label><\/p>\n<p><label> Frivilligt meddelande<br \/>\n    <span class=\"wpcf7-form-control-wrap meddelande\"><textarea name=\"meddelande\" cols=\"40\" rows=\"10\" class=\"wpcf7-form-control wpcf7-textarea\" aria-invalid=\"false\"><\/textarea><\/span> <\/label><\/p>\n<p><input type=\"submit\" value=\"Skicka\" class=\"wpcf7-form-control wpcf7-submit\" \/><\/p>\n<div class=\"wpcf7-response-output\" aria-hidden=\"true\"><\/div><\/form><\/div>\n","protected":false},"excerpt":{"rendered":"<p>V\u00e4lkommen att ans\u00f6ka om medlemskap och l\u00e4sa om Riddarsporrens musikrum! F\u00f6reningen har ett musikrum f\u00f6r registrerade medlemmar som erbjuder: Ett familjev\u00e4nligt utrymme att utforska, l\u00e4ra sig och utf\u00f6ra musik i. Ensam eller tillsammans med andra medlemmar. Instrumenten i musikrummet inkluderar bl.a. akustiska gitarrer f\u00f6r barn och vuxna, digitalt piano, elektroniska trummor, s\u00e5ngmikrofon med mera. En &hellip; <\/p>\n<p><a class=\"more-link btn\" href=\"http:\/\/riddaren24.se\/?page_id=5831\">Forts\u00e4tt l\u00e4sa<\/a><\/p>\n","protected":false},"author":16,"featured_media":0,"parent":5464,"menu_order":15,"comment_status":"closed","ping_status":"closed","template":"","meta":{"footnotes":""},"class_list":["post-5831","page","type-page","status-publish","hentry","nodate","item-wrap"],"_links":{"self":[{"href":"http:\/\/riddaren24.se\/index.php?rest_route=\/wp\/v2\/pages\/5831","targetHints":{"allow":["GET"]}}],"collection":[{"href":"http:\/\/riddaren24.se\/index.php?rest_route=\/wp\/v2\/pages"}],"about":[{"href":"http:\/\/riddaren24.se\/index.php?rest_route=\/wp\/v2\/types\/page"}],"author":[{"embeddable":true,"href":"http:\/\/riddaren24.se\/index.php?rest_route=\/wp\/v2\/users\/16"}],"replies":[{"embeddable":true,"href":"http:\/\/riddaren24.se\/index.php?rest_route=%2Fwp%2Fv2%2Fcomments&post=5831"}],"version-history":[{"count":7,"href":"http:\/\/riddaren24.se\/index.php?rest_route=\/wp\/v2\/pages\/5831\/revisions"}],"predecessor-version":[{"id":5993,"href":"http:\/\/riddaren24.se\/index.php?rest_route=\/wp\/v2\/pages\/5831\/revisions\/5993"}],"up":[{"embeddable":true,"href":"http:\/\/riddaren24.se\/index.php?rest_route=\/wp\/v2\/pages\/5464"}],"wp:attachment":[{"href":"http:\/\/riddaren24.se\/index.php?rest_route=%2Fwp%2Fv2%2Fmedia&parent=5831"}],"curies":[{"name":"wp","href":"https:\/\/api.w.org\/{rel}","templated":true}]}}