{"id":4556,"date":"2019-04-03T21:59:11","date_gmt":"2019-04-03T19:59:11","guid":{"rendered":"http:\/\/riddaren24.se\/?page_id=4556"},"modified":"2021-03-21T21:46:27","modified_gmt":"2021-03-21T19:46:27","slug":"2018-2","status":"publish","type":"page","link":"http:\/\/riddaren24.se\/?page_id=4556","title":{"rendered":"\u00c5rsredovisning 2018"},"content":{"rendered":"<p>\u00c5rsredovisning f\u00f6r 2018 kan du se\u00a0<a href=\"http:\/\/riddaren24.se\/wp-content\/uploads\/2019\/04\/%C3%85rsredovisning-inkl-revision-2018.pdf\">h\u00e4r<\/a>.<\/p>\n","protected":false},"excerpt":{"rendered":"<p>\u00c5rsredovisning f\u00f6r 2018 kan du se\u00a0h\u00e4r.<\/p>\n","protected":false},"author":6,"featured_media":0,"parent":4601,"menu_order":-4,"comment_status":"closed","ping_status":"closed","template":"","meta":{"footnotes":""},"class_list":["post-4556","page","type-page","status-publish","hentry","nodate","item-wrap"],"_links":{"self":[{"href":"http:\/\/riddaren24.se\/index.php?rest_route=\/wp\/v2\/pages\/4556","targetHints":{"allow":["GET"]}}],"collection":[{"href":"http:\/\/riddaren24.se\/index.php?rest_route=\/wp\/v2\/pages"}],"about":[{"href":"http:\/\/riddaren24.se\/index.php?rest_route=\/wp\/v2\/types\/page"}],"author":[{"embeddable":true,"href":"http:\/\/riddaren24.se\/index.php?rest_route=\/wp\/v2\/users\/6"}],"replies":[{"embeddable":true,"href":"http:\/\/riddaren24.se\/index.php?rest_route=%2Fwp%2Fv2%2Fcomments&post=4556"}],"version-history":[{"count":10,"href":"http:\/\/riddaren24.se\/index.php?rest_route=\/wp\/v2\/pages\/4556\/revisions"}],"predecessor-version":[{"id":5454,"href":"http:\/\/riddaren24.se\/index.php?rest_route=\/wp\/v2\/pages\/4556\/revisions\/5454"}],"up":[{"embeddable":true,"href":"http:\/\/riddaren24.se\/index.php?rest_route=\/wp\/v2\/pages\/4601"}],"wp:attachment":[{"href":"http:\/\/riddaren24.se\/index.php?rest_route=%2Fwp%2Fv2%2Fmedia&parent=4556"}],"curies":[{"name":"wp","href":"https:\/\/api.w.org\/{rel}","templated":true}]}}